{"id":1382,"date":"2019-07-16T04:08:28","date_gmt":"2019-07-16T04:08:28","guid":{"rendered":"http:\/\/grupokin.com.gt\/grupokin\/?page_id=1382"},"modified":"2019-09-19T12:30:05","modified_gmt":"2019-09-19T18:30:05","slug":"blog","status":"publish","type":"page","link":"https:\/\/grupokin.com.gt\/grupokin\/blog\/","title":{"rendered":"blog"},"content":{"rendered":"<p>[et_pb_section bb_built=\u00bb1&#8243; _builder_version=\u00bb3.20.2&#8243; next_background_color=\u00bb#000000&#8243;][et_pb_row _builder_version=\u00bb3.20.2&#8243;][et_pb_column type=\u00bb4_4&#8243;][et_pb_text _builder_version=\u00bb3.20.2&#8243; text_font=\u00bbMontserrat||||||||\u00bb header_font=\u00bbMontserrat|||on|||||\u00bb header_text_align=\u00bbcenter\u00bb]<\/p>\n<h1>blog<\/h1>\n<p>Nuestro deseo es que conozca m\u00e1s de Grupo kin, un conjunto de empresas que busca el progreso y cumplir con la misi\u00f3n de proporcionar energ\u00eda el\u00e9ctrica a cada rinc\u00f3n de nuestra naci\u00f3n.<\/p>\n<p>&nbsp;<\/p>\n<p>[\/et_pb_text][\/et_pb_column][\/et_pb_row][et_pb_row custom_padding=\u00bb25.5938px|0px|195px|0px|false|false\u00bb _builder_version=\u00bb3.20.2&#8243; background_image=\u00bb\/grupokin\/wp-content\/uploads\/2019\/05\/IMG-20170819-WA0011.jpg\u00bb][et_pb_column type=\u00bb4_4&#8243;][\/et_pb_column][\/et_pb_row][et_pb_row _builder_version=\u00bb3.20.2&#8243;][et_pb_column type=\u00bb4_4&#8243;][et_pb_blog include_categories=\u00bball\u00bb show_more=\u00bbon\u00bb show_author=\u00bboff\u00bb show_date=\u00bboff\u00bb show_categories=\u00bboff\u00bb _builder_version=\u00bb3.20.2&#8243; header_level=\u00bbh1&#8243; header_font=\u00bbMontserrat|||on|||||\u00bb header_text_align=\u00bbleft\u00bb header_text_color=\u00bb#000000&#8243; body_font=\u00bbMontserrat||||||||\u00bb body_text_color=\u00bb#000000&#8243; meta_font=\u00bbMontserrat||||||||\u00bb meta_text_color=\u00bb#000000&#8243; pagination_font=\u00bb||||||||\u00bb pagination_text_color=\u00bb#ffffff\u00bb text_orientation=\u00bbjustified\u00bb filter_saturate=\u00bb96%\u00bb filter_brightness=\u00bb105%\u00bb]<\/p>\n<p>[\/et_pb_blog][\/et_pb_column][\/et_pb_row][\/et_pb_section][et_pb_section bb_built=\u00bb1&#8243; _builder_version=\u00bb3.20.2&#8243; custom_padding=\u00bb0|0px|0|0px|false|false\u00bb custom_css_main_element=\u00bbborder-top:2px solid #FBB040&#8243; saved_tabs=\u00bball\u00bb prev_background_color=\u00bb#000000&#8243; global_module=\u00bb1408&#8243;][et_pb_row global_parent=\u00bb1408&#8243; make_fullwidth=\u00bbon\u00bb custom_padding=\u00bb27px|0px|0|0px|false|false\u00bb disabled_on=\u00bbon|on|off\u00bb _builder_version=\u00bb3.20.2&#8243;][et_pb_column type=\u00bb1_4&#8243;][et_pb_image global_parent=\u00bb1408&#8243; src=\u00bbhttp:\/\/sinergiared.com\/grupokin\/wp-content\/uploads\/2019\/04\/1225458.jpg\u00bb disabled_on=\u00bbon|on|off\u00bb _builder_version=\u00bb3.20.2&#8243; max_width=\u00bb59%\u00bb module_alignment=\u00bbcenter\u00bb \/][\/et_pb_column][et_pb_column type=\u00bb1_4&#8243;][et_pb_text global_parent=\u00bb1408&#8243; _builder_version=\u00bb3.20.2&#8243; text_font=\u00bb|700|||||||\u00bb text_text_color=\u00bb#FBB040&#8243; text_font_size=\u00bb27px\u00bb header_font=\u00bb||||||||\u00bb text_orientation=\u00bbcenter\u00bb custom_margin=\u00bb|||13px\u00bb]<\/p>\n<p>NOSOTROS<\/p>\n<p>&nbsp;<\/p>\n<p>[\/et_pb_text][et_pb_text global_parent=\u00bb1408&#8243; _builder_version=\u00bb3.20.2&#8243; text_font=\u00bb||||||||\u00bb text_text_color=\u00bb#898989&#8243; text_font_size=\u00bb18px\u00bb text_orientation=\u00bbcenter\u00bb custom_margin=\u00bb-49px||\u00bb custom_padding=\u00bb0px||\u00bb]<\/p>\n<p><span><a href=\"\/grupokin\/mel\/\">Mel<\/a><\/span><\/p>\n<p><span><a href=\"\/grupokin\/ixtal\/\">Ixtal<\/a><\/span><\/p>\n<p><span><a href=\"\/grupokin\/xolhuitz\/\">Xolhuitz<\/a><\/span><\/p>\n<p><span><a href=\"\/grupokin\/tuncaj\/\">Tuncaj<\/a><\/span><\/p>\n<p>&nbsp;<\/p>\n<p>[\/et_pb_text][\/et_pb_column][et_pb_column type=\u00bb1_4&#8243;][et_pb_text global_parent=\u00bb1408&#8243; _builder_version=\u00bb3.20.2&#8243; text_font=\u00bb|700|||||||\u00bb text_text_color=\u00bb#FBB040&#8243; text_font_size=\u00bb27px\u00bb header_font=\u00bb||||||||\u00bb text_orientation=\u00bbcenter\u00bb custom_margin=\u00bb|||13px\u00bb]<\/p>\n<p>ENLACES<\/p>\n<p>&nbsp;<\/p>\n<p>[\/et_pb_text][et_pb_text global_parent=\u00bb1408&#8243; _builder_version=\u00bb3.20.2&#8243; text_font=\u00bb||||||||\u00bb text_text_color=\u00bb#898989&#8243; text_font_size=\u00bb18px\u00bb text_orientation=\u00bbcenter\u00bb custom_margin=\u00bb-49px||\u00bb custom_padding=\u00bb0px||\u00bb]<\/p>\n<p><span><a href=\"\/grupokin\/blog\/\">Blog<\/a><\/span><\/p>\n<p><span><a href=\"\/grupokin\/diaria\/\">Estad\u00edsticas Diarias<\/a><\/span><\/p>\n<p><span><a href=\"\/grupokin\/semana\/\">Estad\u00edsticas Semanales<\/a><\/span><\/p>\n<p>&nbsp;<\/p>\n<p>[\/et_pb_text][\/et_pb_column][et_pb_column type=\u00bb1_4&#8243;][et_pb_text global_parent=\u00bb1408&#8243; _builder_version=\u00bb3.20.2&#8243; text_font=\u00bb|700|||||||\u00bb text_text_color=\u00bb#FBB040&#8243; text_font_size=\u00bb27px\u00bb header_font=\u00bb||||||||\u00bb text_orientation=\u00bbcenter\u00bb custom_margin=\u00bb|||13px\u00bb]<\/p>\n<p>CONTACTO<\/p>\n<p>&nbsp;<\/p>\n<p>[\/et_pb_text][et_pb_text global_parent=\u00bb1408&#8243; _builder_version=\u00bb3.20.2&#8243; text_font=\u00bb||||||||\u00bb text_text_color=\u00bb#898989&#8243; text_font_size=\u00bb18px\u00bb text_orientation=\u00bbcenter\u00bb custom_margin=\u00bb-49px||\u00bb custom_padding=\u00bb0px||\u00bb]<\/p>\n<p><span><a href=\"\/grupokin\/contacto\/\">Cont\u00e1ctanos<\/a><\/span><\/p>\n<p>&nbsp;<\/p>\n<p>[\/et_pb_text][\/et_pb_column][\/et_pb_row][et_pb_row global_parent=\u00bb1408&#8243; make_fullwidth=\u00bbon\u00bb custom_padding=\u00bb27px|0px|0|0px|false|false\u00bb disabled_on=\u00bbon|off|on\u00bb _builder_version=\u00bb3.20.2&#8243;][et_pb_column type=\u00bb1_4&#8243;][et_pb_image global_parent=\u00bb1408&#8243; src=\u00bbhttp:\/\/sinergiared.com\/grupokin\/wp-content\/uploads\/2019\/04\/1225458.jpg\u00bb _builder_version=\u00bb3.20.2&#8243; max_width=\u00bb59%\u00bb module_alignment=\u00bbcenter\u00bb \/][et_pb_text global_parent=\u00bb1408&#8243; _builder_version=\u00bb3.20.2&#8243; text_font=\u00bb|700|||||||\u00bb text_text_color=\u00bb#FBB040&#8243; text_font_size=\u00bb27px\u00bb header_font=\u00bb||||||||\u00bb text_orientation=\u00bbcenter\u00bb custom_margin=\u00bb|||13px\u00bb]<\/p>\n<p>ENLACES<\/p>\n<p>&nbsp;<\/p>\n<p>[\/et_pb_text][et_pb_text global_parent=\u00bb1408&#8243; _builder_version=\u00bb3.20.2&#8243; text_font=\u00bb||||||||\u00bb text_text_color=\u00bb#898989&#8243; text_font_size=\u00bb18px\u00bb text_orientation=\u00bbcenter\u00bb custom_margin=\u00bb-49px||\u00bb custom_padding=\u00bb0px||\u00bb]<\/p>\n<p><span><a href=\"\/grupokin\/blog\/\">Blog<\/a><\/span><\/p>\n<p><span><a href=\"\/grupokin\/diaria\/\">Estad\u00edsticas Diarias<\/a><\/span><\/p>\n<p><span><a href=\"\/grupokin\/semana\/\">Estad\u00edsticas Semanales<\/a><\/span><\/p>\n<p>&nbsp;<\/p>\n<p>[\/et_pb_text][\/et_pb_column][et_pb_column type=\u00bb1_4&#8243;][et_pb_text global_parent=\u00bb1408&#8243; _builder_version=\u00bb3.20.2&#8243; text_font=\u00bb|700|||||||\u00bb text_text_color=\u00bb#FBB040&#8243; text_font_size=\u00bb27px\u00bb header_font=\u00bb||||||||\u00bb text_orientation=\u00bbcenter\u00bb custom_margin=\u00bb|||13px\u00bb]<\/p>\n<p>CONTACTO<\/p>\n<p>&nbsp;<\/p>\n<p>[\/et_pb_text][et_pb_text global_parent=\u00bb1408&#8243; _builder_version=\u00bb3.20.2&#8243; text_font=\u00bb||||||||\u00bb text_text_color=\u00bb#898989&#8243; text_font_size=\u00bb18px\u00bb text_orientation=\u00bbcenter\u00bb custom_margin=\u00bb-49px||\u00bb custom_padding=\u00bb0px||\u00bb]<\/p>\n<p><span><a href=\"\/grupokin\/contacto\/\">Cont\u00e1ctanos<\/a><\/span><\/p>\n<p>&nbsp;<\/p>\n<p>[\/et_pb_text][et_pb_text global_parent=\u00bb1408&#8243; _builder_version=\u00bb3.20.2&#8243; text_font=\u00bb|700|||||||\u00bb text_text_color=\u00bb#FBB040&#8243; text_font_size=\u00bb27px\u00bb header_font=\u00bb||||||||\u00bb text_orientation=\u00bbcenter\u00bb custom_margin=\u00bb|||13px\u00bb]<\/p>\n<p>NOSOTROS<\/p>\n<p>&nbsp;<\/p>\n<p>[\/et_pb_text][et_pb_text global_parent=\u00bb1408&#8243; _builder_version=\u00bb3.20.2&#8243; text_font=\u00bb||||||||\u00bb text_text_color=\u00bb#898989&#8243; text_font_size=\u00bb18px\u00bb text_orientation=\u00bbcenter\u00bb custom_margin=\u00bb-49px||\u00bb custom_padding=\u00bb0px||\u00bb]<\/p>\n<p><span><a href=\"\/grupokin\/mel\/\">Mel<\/a><\/span><\/p>\n<p><span><a href=\"\/grupokin\/ixtal\/\">Ixtal<\/a><\/span><\/p>\n<p><span><a href=\"\/grupokin\/xolhuitz\/\">Xolhuitz<\/a><\/span><\/p>\n<p><span><a href=\"\/grupokin\/tuncaj\/\">Tuncaj<\/a><\/span><\/p>\n<p>&nbsp;<\/p>\n<p>[\/et_pb_text][\/et_pb_column][et_pb_column type=\u00bb1_4&#8243;][\/et_pb_column][et_pb_column type=\u00bb1_4&#8243;][\/et_pb_column][\/et_pb_row][et_pb_row global_parent=\u00bb1408&#8243; make_fullwidth=\u00bbon\u00bb custom_padding=\u00bb27px|0px|0|0px|false|false\u00bb disabled_on=\u00bboff|on|on\u00bb _builder_version=\u00bb3.20.2&#8243;][et_pb_column type=\u00bb1_4&#8243;][et_pb_image global_parent=\u00bb1408&#8243; src=\u00bb\/grupokin\/wp-content\/uploads\/2019\/05\/logo.png\u00bb _builder_version=\u00bb3.20.2&#8243; max_width=\u00bb59%\u00bb module_alignment=\u00bbcenter\u00bb \/][\/et_pb_column][et_pb_column type=\u00bb1_4&#8243;][\/et_pb_column][et_pb_column type=\u00bb1_4&#8243;][et_pb_text global_parent=\u00bb1408&#8243; _builder_version=\u00bb3.20.2&#8243; text_font=\u00bb|700|||||||\u00bb text_text_color=\u00bb#FBB040&#8243; text_font_size=\u00bb27px\u00bb header_font=\u00bb||||||||\u00bb text_orientation=\u00bbcenter\u00bb custom_margin=\u00bb|||13px\u00bb]<\/p>\n<p>NOSOTROS<\/p>\n<p>&nbsp;<\/p>\n<p>[\/et_pb_text][et_pb_text global_parent=\u00bb1408&#8243; _builder_version=\u00bb3.20.2&#8243; text_font=\u00bb||||||||\u00bb text_text_color=\u00bb#898989&#8243; text_font_size=\u00bb18px\u00bb text_orientation=\u00bbcenter\u00bb custom_margin=\u00bb-49px||\u00bb custom_padding=\u00bb0px||\u00bb]<\/p>\n<p><span><a href=\"\/grupokin\/mel\/\">Mel<\/a><\/span><\/p>\n<p><span><a href=\"\/grupokin\/ixtal\/\">Ixtal<\/a><\/span><\/p>\n<p><span><a href=\"\/grupokin\/xolhuitz\/\">Xolhuitz<\/a><\/span><\/p>\n<p><span><a href=\"\/grupokin\/tuncaj\/\">Tuncaj<\/a><\/span><\/p>\n<p>&nbsp;<\/p>\n<p>[\/et_pb_text][et_pb_text global_parent=\u00bb1408&#8243; _builder_version=\u00bb3.20.2&#8243; text_font=\u00bb|700|||||||\u00bb text_text_color=\u00bb#FBB040&#8243; text_font_size=\u00bb27px\u00bb header_font=\u00bb||||||||\u00bb text_orientation=\u00bbcenter\u00bb custom_margin=\u00bb|||13px\u00bb]<\/p>\n<p>ENLACES<\/p>\n<p>&nbsp;<\/p>\n<p>[\/et_pb_text][et_pb_text global_parent=\u00bb1408&#8243; _builder_version=\u00bb3.20.2&#8243; text_font=\u00bb||||||||\u00bb text_text_color=\u00bb#898989&#8243; text_font_size=\u00bb18px\u00bb text_orientation=\u00bbcenter\u00bb custom_margin=\u00bb-49px||\u00bb custom_padding=\u00bb0px||\u00bb]<\/p>\n<p><span><a href=\"\/grupokin\/blog\/\">Blog<\/a><\/span><\/p>\n<p><span><a href=\"\/grupokin\/diaria\/\">Estad\u00edsticas Diarias<\/a><\/span><\/p>\n<p><span><a href=\"\/grupokin\/semana\/\">Estad\u00edsticas Semanales<\/a><\/span><\/p>\n<p>&nbsp;<\/p>\n<p>[\/et_pb_text][et_pb_text global_parent=\u00bb1408&#8243; _builder_version=\u00bb3.20.2&#8243; text_font=\u00bb|700|||||||\u00bb text_text_color=\u00bb#FBB040&#8243; text_font_size=\u00bb27px\u00bb header_font=\u00bb||||||||\u00bb text_orientation=\u00bbcenter\u00bb custom_margin=\u00bb|||13px\u00bb]<\/p>\n<p>CONTACTO<\/p>\n<p>&nbsp;<\/p>\n<p>[\/et_pb_text][et_pb_text global_parent=\u00bb1408&#8243; _builder_version=\u00bb3.20.2&#8243; text_font=\u00bb||||||||\u00bb text_text_color=\u00bb#898989&#8243; text_font_size=\u00bb18px\u00bb text_orientation=\u00bbcenter\u00bb custom_margin=\u00bb-49px||\u00bb custom_padding=\u00bb0px||\u00bb]<\/p>\n<p><span><a href=\"\/grupokin\/contacto\/\">Cont\u00e1ctanos<\/a><\/span><\/p>\n<p>&nbsp;<\/p>\n<p>[\/et_pb_text][\/et_pb_column][et_pb_column type=\u00bb1_4&#8243;][\/et_pb_column][\/et_pb_row][\/et_pb_section]<\/p>\n","protected":false},"excerpt":{"rendered":"<p>[et_pb_section bb_built=\u00bb1&#8243; _builder_version=\u00bb3.20.2&#8243; next_background_color=\u00bb#000000&#8243;][et_pb_row _builder_version=\u00bb3.20.2&#8243;][et_pb_column type=\u00bb4_4&#8243;][et_pb_text _builder_version=\u00bb3.20.2&#8243; text_font=\u00bbMontserrat||||||||\u00bb header_font=\u00bbMontserrat|||on|||||\u00bb header_text_align=\u00bbcenter\u00bb] blog Nuestro deseo es que conozca m\u00e1s de Grupo kin, un conjunto de empresas que busca el progreso y cumplir con la misi\u00f3n de proporcionar energ\u00eda el\u00e9ctrica a cada rinc\u00f3n de nuestra naci\u00f3n. &nbsp; [\/et_pb_text][\/et_pb_column][\/et_pb_row][et_pb_row custom_padding=\u00bb25.5938px|0px|195px|0px|false|false\u00bb _builder_version=\u00bb3.20.2&#8243; background_image=\u00bb\/grupokin\/wp-content\/uploads\/2019\/05\/IMG-20170819-WA0011.jpg\u00bb][et_pb_column type=\u00bb4_4&#8243;][\/et_pb_column][\/et_pb_row][et_pb_row _builder_version=\u00bb3.20.2&#8243;][et_pb_column type=\u00bb4_4&#8243;][et_pb_blog include_categories=\u00bball\u00bb show_more=\u00bbon\u00bb show_author=\u00bboff\u00bb show_date=\u00bboff\u00bb [&hellip;]<\/p>\n","protected":false},"author":1,"featured_media":0,"parent":0,"menu_order":0,"comment_status":"closed","ping_status":"closed","template":"","meta":{"_et_pb_use_builder":"on","_et_pb_old_content":"","footnotes":""},"yst_prominent_words":[44,47,37,45,43,36,34,35,40,39,46,42,41],"_links":{"self":[{"href":"https:\/\/grupokin.com.gt\/grupokin\/wp-json\/wp\/v2\/pages\/1382"}],"collection":[{"href":"https:\/\/grupokin.com.gt\/grupokin\/wp-json\/wp\/v2\/pages"}],"about":[{"href":"https:\/\/grupokin.com.gt\/grupokin\/wp-json\/wp\/v2\/types\/page"}],"author":[{"embeddable":true,"href":"https:\/\/grupokin.com.gt\/grupokin\/wp-json\/wp\/v2\/users\/1"}],"replies":[{"embeddable":true,"href":"https:\/\/grupokin.com.gt\/grupokin\/wp-json\/wp\/v2\/comments?post=1382"}],"version-history":[{"count":19,"href":"https:\/\/grupokin.com.gt\/grupokin\/wp-json\/wp\/v2\/pages\/1382\/revisions"}],"predecessor-version":[{"id":1651,"href":"https:\/\/grupokin.com.gt\/grupokin\/wp-json\/wp\/v2\/pages\/1382\/revisions\/1651"}],"wp:attachment":[{"href":"https:\/\/grupokin.com.gt\/grupokin\/wp-json\/wp\/v2\/media?parent=1382"}],"wp:term":[{"taxonomy":"yst_prominent_words","embeddable":true,"href":"https:\/\/grupokin.com.gt\/grupokin\/wp-json\/wp\/v2\/yst_prominent_words?post=1382"}],"curies":[{"name":"wp","href":"https:\/\/api.w.org\/{rel}","templated":true}]}}